 factor of 138 and l.
23
Let j = 458 + -115. What is the highest common factor of j and 49?
49
Let m(c) = -c**3 + 2*c**2 - 2*c - 6. Let a be m(0). Let p be (-68)/a + 34/51. What is the greatest common divisor of 18 and p?
6
Let s be 65*(-1)/(-3)*3. Let n(c) = 3*c - 33. Let t be n(14). Suppose -37 = -t*b + 197. What is the greatest common factor of b and s?
13
Let r(a) = a**2 + 20*a + 684. Let j be r(0). Calculate the greatest common divisor of j and 3.
3
Let a(u) = -20*u**3 + 2*u**2 + 10*u + 21. Let d be a(-2). What is the highest common divisor of d and 52?
13
Let x = -150 - -387. Suppose x = 8*u - 275. What is the highest common factor of 8 and u?
8
Suppose -5*j + j = l + 24, 2*j + 6 = l. Let t be (-49 - (-4 - 0))*6/j. Calculate the greatest common divisor of t and 6.
6
Suppose 0 = 7*j - 28*j + 24528. Calculate the greatest common divisor of j and 16.
16
Suppose -119 = -4*b + 45. Let h = 83 - b. Calculate the highest common factor of h and 14.
14
Suppose 0 = 3*f - 3*u - 660, 5*u = 5*f + 6*u - 1106. What is the highest common divisor of f and 13?
13
Suppose v + 8 = t - 10, t + 4*v - 28 = 0. Suppose 4*n = 4 - 0. Let b(g) = 59*g + 1. Let y be b(n). Calculate the highest common factor of t and y.
20
Suppose 27*y - 28*y - 4*u = 0, -2*u - 4 = 0. What is the highest common divisor of y and 44?
4
Let o(i) = 9*i + 342. Let g be o(-36). What is the highest common factor of 441 and g?
9
Let b(j) = 3*j**2 + 10*j - 8. Let p be b(-10). What is the greatest common factor of p and 12?
12
Suppose -4*s + 2*q + 19 = -15, -3*q + 9 = 0. Suppose -3*m = u - 2*u - 12, -4*u - 3*m - 3 = 0. Let j = u - -43. Calculate the greatest common factor of s and j.
10
Let c be 64 - 0 - 2 - (-3 + 5). Calculate the greatest common factor of 264 and c.
12
Suppose -4*l + 12 = -l. Suppose 78 = 4*h - 2*x, -l*h - 65 = -7*h - 5*x. What is the highest common divisor of 20 and h?
20
Suppose 0 = -5*z - 5*s + 158 + 327, 509 = 5*z - 3*s. What is the greatest common factor of z and 75?
25
Suppose 4*h = 24 - 8. Suppose h*s = 5*s - 33. Let p be 209/s + 2/(-6). What is the greatest common factor of p and 54?
6
Let m(w) = w**3 + 18*w**2 + 31*w - 1. Let y be m(-16). Calculate the greatest common factor of 15 and y.
15
Let o be -8 + (5 - -10) - -79. Calculate the greatest common divisor of 1118 and o.
86
Let k be ((5 - 2)*-1 - 0)/(-1). Let q(i) = -i**3 + 4*i**2 + 4*i. Let r be q(k). Calculate the highest common divisor of r and 147.
21
Suppose 52*s - 3240 = -20*s. Calculate the greatest common factor of s and 165.
15
Let i = 14 + -10. Let j be ((-3)/9)/((-2)/186). Suppose d - j = -0*d + 5*n, -36 = -d + i*n. What is the highest common factor of 84 and d?
28
Suppose -73*k + 83*k - 450 = 0. Calculate the highest common factor of 495 and k.
45
Let s = 215 + -99. Suppose -f + 476 = 5*h, 0 = -h + 5*f - 0*f + s. Suppose 1 = 2*m - 23. What is the highest common factor of m and h?
12
Suppose 400 = -f + 11*f. Suppose -7*u + f = -3*u. Let a = -6 - -11. What is the greatest common divisor of u and a?
5
Let m(c) be the first derivative of -c**4/4 - c**3/3 - 3*c**2/2 + 4*c + 45. Let v be m(-3). What is the highest common divisor of v and 124?
31
Let h(y) = -12*y**2 + 214*y + 11. Let j be h(12). What is the greatest common divisor of j and 115?
23
Let o(n) = 356*n**2 - 714*n**2 + 5 + 27*n + 356*n**2. Let z be o(13). Calculate the highest common divisor of z and 45.
9
Suppose 2*s + c = 270, 418 = 3*s - 4*c - c. Let x be (-2*5)/(-2) + 0. Suppose 0 = x*b - 53 - 32. Calculate the highest common factor of s and b.
17
Let x(k) = 100*k - 294. Let c be x(6). What is the highest common factor of 17 and c?
17
Let l = -420 + 441. What is the highest common divisor of l and 483?
21
Let f be 3/6*(23 - -3). Suppose -f*y = -12*y - 2. Suppose y*m + 135 = 5*m. What is the greatest common divisor of m and 15?
15
Let p = -3 - -9. Suppose 9*k - 4*k - 985 = 0. Suppose -6*t = -k - 127. What is the highest common divisor of t and p?
6
Suppose -3*u + 11 = -4*b, 5*b + 11 = -2*u + 26. Let v be b - (-12 + 15/5). Calculate the greatest common factor of v and 10.
10
Let k be (-24)/(-108) + 34/9. Suppose -36 = -k*o + 2*p, 5*p - 3*p = -4*o + 20. Calculate the greatest common factor of 14 and o.
7
Suppose -975 = -13*i - 0*i. What is the highest common factor of i and 30?
15
Suppose m = -m + 6. Let x(o) = -8*o**3 - 5*o**2 + 17*o + 8 + 9*o**m + 4*o - 11*o**2. Let u be x(15). Calculate the highest common factor of 14 and u.
14
Suppose -236 = 5*k - 1211. Let z = 297 - k. What is the greatest common divisor of z and 34?
34
Let j(g) = -g**3 - 10*g**2 - 10*g - 2. Let n be j(-9). Calculate the greatest common factor of n and 35.
7
Let o(b) = -b**2 - 9*b - 14. Let j be o(-12). Let w be (-20)/j - ((-2908)/5 - -2). What is the greatest common factor of w and 58?
58
Suppose 194*t + 4004 = 205*t. What is the highest common divisor of t and 273?
91
Let f(u) = -u**2 - 8*u + 9. Suppose 0 = -t - 0*t + 1. Suppose 9 = -p + t. Let m be f(p). What is the highest common divisor of m and 99?
9
Let t(u) = -u**3 - 20*u**2 - 67*u - 1. Let y be t(-4). Calculate the greatest common divisor of 704 and y.
11
Suppose 60*d - 108*d = -6912. Calculate the greatest common divisor of d and 1656.
72
Let q(o) = o**2 - 14*o - 2. Suppose 0 = -2*s - 4*p + 11 + 37, -2*p = 4*s - 78. Let l be q(s). Calculate the highest common divisor of l and 14.
14
Suppose 14 = -7*i + 35. Let g(t) = -5 + 0*t**3 + 5*t**2 + 0*t - t**3 + t + i*t**2. Let k be g(8). Calculate the greatest common divisor of k and 6.
3
Suppose 12*o + 3762 = 45*o. Calculate the greatest common divisor of o and 12.
6
Let r(i) = -i**2 - 11*i - 9. Let o be r(-8). Suppose -2*p + 38 = 8. What is the highest common factor of p and o?
15
Let d(f) = -f**3 - 11*f**2 + 27*f + 21. Let h be d(-13). Calculate the highest common divisor of 56 and h.
8
Let h be (-16)/112 - 15/(-7). Let y = 8 + -5. Suppose 0 = h*b + z - 181, -z - 7 = -y*b + 262. Calculate the highest common divisor of b and 18.
18
Let x(d) = 24*d + 282. Let o be x(13). Calculate the highest common factor of o and 108.
54
Suppose -6*n - 57 - 45 = 0. Let h = 15 - n. Calculate the highest common divisor of 4 and h.
4
Let o be 8 + -2 + 2 + -1. Let x(z) = z**2 - 6*z + 2. Let a be x(o). Let g = -7823 + 7868. What is the highest common factor of g and a?
9
Let r be 3/((-6)/(-4)) - -1. Let w(n) = -n**2 - 15*n + 22. Let a be w(-15). Let i be (a - (-20)/(-5))/2. What is the highest common divisor of r and i?
3
Let u = -28 + 33. Suppose 2 = 4*m + u*p + 8, 4*m - 8 = 2*p. Suppose 0 = b - 3 - 6. Calculate the highest common divisor of m and b.
1
Let m be (-3)/(-5)*(5 - -85). Calculate the greatest common factor of m and 1566.
54
Suppose g = 50 + 90. What is the greatest common factor of g and 20?
20
Let z be 80/4*(-4 - -8). Calculate the highest common factor of 140 and z.
20
Suppose 0 = 9*y - 377 + 359. Calculate the greatest common divisor of y and 122.
2
Let k(y) = 3*y**3 + 2*y**2 - 4*y + 12. Let s be k(3). What is the highest common divisor of 66 and s?
33
Let k(v) = -18 - 13 - 15*v + v + 32. Let u be k(-2). Calculate the greatest common factor of u and 319.
29
Suppose 0 = 3*t - 5*t + 234. Let o(a) = a**3 - 10*a**2 - 7*a - 31. Let w be o(11). What is the greatest common divisor of t and w?
13
Suppose 0 = 7*p - 24 - 109. What is the greatest common factor of p and 152?
19
Let a(q) = 2*q + 5. Let d be a(-7). Let u(w) = w**3 + 8*w**2 - 11*w + 12. Let x be u(d). What is the highest common factor of 15 and x?
15
Let z = 68 + -63. Suppose -x = x + 3*c - 21, -z*c = 3*x - 30. What is the highest common divisor of x and 45?
15
Suppose -2*k + 23 + 1 = 0. Let w be 4*(-1 - k/(-8)). Let o = -18 + 36. What is the highest common factor of w and o?
2
Suppose 0 = 2*x - 2*t - 64, -3*x = -8*x - t + 178. Let s = 189 - x. What is the greatest common divisor of 14 and s?
14
Let d = 270 - 146. Let l be ((d/(-2))/(-2))/1. Let h(x) = -x**2 - 10*x + 55. Let i be h(-12). Calculate the greatest common divisor of l and i.
31
Let m = 467 - 268. Let q = -155 + m. Calculate the highest common factor of 110 and q.
22
Let r = 724 + -504. What is the greatest common divisor of r and 264?
44
Suppose 2*d = -4*k - 234, 0*k = -2*d - 5*k - 237. Let u = d + 135. What is the highest common factor of 60 and u?
12
Suppose 